hird derivative of j**5/60 + 38*j**3/3 - 9*j**2 + 2. What is the units digit of p(n)?
6
Let v(o) = o**2 - 21*o - 18. Let r be v(22). Suppose 0 = -3*t - 4*w + 497, t + r*w = -t + 338. What is the units digit of t?
9
Suppose r = 5*k + 3*r - 2290, 3*k + r = 1375. Let h = k - -147. What is the tens digit of h?
0
Let x be (2*1)/(10/(-25)) - 1017. What is the units digit of x*(0 + -3)*(-2)/(-12)?
1
Let u(s) = 9*s + 24. Let n(h) = 8*h + 23. Let o(p) = 3*n(p) - 2*u(p). Let f be o(-9). Let c = 12 - f. What is the tens digit of c?
4
Suppose -25*x = -23*x - 4. Suppose 2*g + x*g = 3*t + 1227, 0 = -3*g - 3*t + 894. What is the units digit of g?
3
What is the hundreds digit of (115 - 142) + 40154 + 5?
1
Let y be 14/((3/(-5))/((-27)/30)). What is the tens digit of -3 + 57/y - (-39384)/56?
0
What is the units digit of -3*(-2 - (-5864)/(-3))?
0
Suppose -24*k = -31*k + 224. Suppose -25*j - 1407 = -k*j. What is the hundreds digit of j?
2
Suppose -2 = 5*d - 17. Suppose 0*w + w - d*m = 342, -5*m + 1610 = 5*w. What is the hundreds digit of w?
3
What is the units digit of (-21 + 20 + 10)*(-12724)/(-6)?
6
Let p(r) = r**3 - r**2 - 10*r + 10. Let c be p(4). Let v(h) = -6*h + 10*h + 8 + 3*h + c. What is the units digit of v(6)?
8
Suppose -41*l + 38*l - 32693 = -p, -98039 = -3*p - l. What is the thousands digit of p?
2
Let i(x) = 136*x + 11. Suppose 0 = 3*d, -4*d + d = -o + 3. What is the units digit of i(o)?
9
Let n(d) be the first derivative of d**3/3 + 12*d**2 + 7*d - 8. Let a = -220 - -194. What is the units digit of n(a)?
9
What is the ten thousands digit of (-67212)/30*(-15)/3?
1
Let d(p) = -6*p**2 - p + 187. Suppose -2*m = 3*f, 5*m = -8*f + 3*f. What is the tens digit of d(f)?
8
Suppose -3*v - 3*t + 417 = -303, -4*t - 462 = -2*v. Let w = 138 + -49. Let h = v - w. What is the hundreds digit of h?
1
Let l(n) = -73*n**3 + 24*n**2 - 19*n - 80. What is the thousands digit of l(-6)?
6
Let p(l) = -568*l + 119. What is the tens digit of p(-17)?
7
Let n(y) = -2*y. Let l(u) = u**2 + 7*u - 27. Let d be l(-10). Let r be n(d). What is the tens digit of (-268)/r + (-2)/(-6)?
4
Let i be 0 + (70 - (4 - 5)) + -6. Suppose i*j + 1738 = 66*j. What is the tens digit of j?
3
Let j(v) = 137*v + 2183. What is the tens digit of j(36)?
1
Suppose 14*m + 31*m - 1611500 = -5*m. What is the ten thousands digit of m?
3
Let r be (-210 - 3)*(-22)/6. Suppose v - 869 = -x, -5*x + r + 1836 = 3*v. What is the hundreds digit of v?
8
What is the thousands digit of ((-23)/21*-7044)/(14/49)?
7
Let c = -11763 - -20367. What is the tens digit of c?
0
Suppose -53*h + 125*h - 766740 = 42*h. What is the thousands digit of h?
5
Let k(r) = 38*r + 151. Let d be k(-4). What is the units digit of (-39844)/(-28) - (-2 - 6/d)?
9
Let o be (-1290)/172*(4/5)/(-1). Suppose -o*k + 763 = -35. What is the hundreds digit of k?
1
Let n be -64*1 + (-2)/(-2). Let i = n + 130. Let l = i - 18. What is the tens digit of l?
4
Let s(n) = -12*n**2 + 18*n**2 - 7*n**2 - 1 + n**3. Let z be s(2). What is the tens digit of 141/(-2)*(z/9 + -1)?
4
Let z(j) = -j**3 - 56*j**2 - 195*j + 114. What is the units digit of z(-57)?
8
Let h be (5/(-1) - -1)/((-34)/18836). Suppose -7624 = -15*o + h. What is the units digit of o?
6
Let w(q) = -262 + 17*q + 390 - 200 + q**2. Let h = -79 + 56. What is the units digit of w(h)?
6
Suppose -5*c - 7508 = 16*b - 17*b, -c = -2*b + 14989. What is the units digit of b?
3
Let u(a) = -11*a**2 - 15*a - 3. Let l be u(-6). Let v = -146 - l. What is the tens digit of v?
6
Suppose k + 15 = -4*r, -4*k + 3 = 3*r - 2. Let s(l) = 2 + k - 5*l + 17 - 2. What is the units digit of s(-13)?
7
Suppose 3*f - 2*m - 232 = 0, 4*f + 154 = 6*f - 2*m. Let o = f + -75. Suppose 0*s + 3*s + 2*j = 39, -j = -o*s + 39. What is the tens digit of s?
1
Let j(p) = 4*p - 10. Let q(t) = 9*t - 21. Let a(w) = 14*j(w) - 6*q(w). Let g be a(-7). What is the units digit of 13/(91/450) - (-8)/g?
4
Let n = -130 - -128. Let s(d) = 203*d**2 - 23*d + 1. What is the hundreds digit of s(n)?
8
Suppose -50*p + 73*p - 230469 - 94797 = 0. What is the ten thousands digit of p?
1
Let p(x) = -15*x**3 + 4*x**2 + 24*x - 7. Let s be p(-6). Suppose 3*n - v - s = 0, v = -2*n - 3*v + 2160. What is the tens digit of n?
7
Suppose 17 = 3*w + 2. Suppose 5*p = -4*i + 282, 0*p + 3*i = 2*p - 99. Let d = p + w. What is the tens digit of d?
5
Let b(l) = l + 5. Let v be b(6). Suppose -270 = -v*k + 9*k. What is the units digit of k?
5
Suppose 44*t - 53*t = -40131. Suppose -t = -9*y - 391. What is the hundreds digit of y?
4
Suppose 80920 = 5*y - 5*z, -2*y + 58*z + 32371 = 55*z. What is the tens digit of y?
8
Suppose 4*z = 4*u + 52212, -3*u = 84*z - 79*z - 65233. What is the ten thousands digit of z?
1
Let o = 6679 + 3098. What is the thousands digit of o?
9
Let g(s) = -182*s - 37. Let l = 290 + -293. What is the units digit of g(l)?
9
Let m = -355 + 355. What is the units digit of (-3 - m/(-2))/(183/(-20374))?
4
Suppose -1254 = -5*x - 269. Suppose 5*i = 4*b - 436, 4*i + 326 = 3*b - 0*i. Let y = x - b. What is the tens digit of y?
8
What is the hundreds digit of ((-2)/(-3) - 28/24)*14 - -2596?
5
Suppose 4*c = -3*w + 28 - 10, -w - 13 = -5*c. What is the tens digit of (12/w)/(3/11)?
2
Let x be (90/78 + 10/(-65))*0. Suppose -2*h + 111 + 631 = x. What is the hundreds digit of h?
3
Suppose 796 = 43*o - 56050. What is the thousands digit of o?
1
Let x(z) = -z - 1. Let n(d) = 17*d - 2. Let t(r) = n(r) + 6*x(r). Let l be t(1). Suppose -2*v - 583 = -5*u, l*u - 5*v + 0*v = 346. What is the tens digit of u?
1
Suppose -21*b = -11139 - 5997. What is the hundreds digit of b?
8
Let u = 286 - 281. Suppose 1986 = 3*z + 3*a, -a - u = -0. What is the units digit of z?
7
Suppose -d + 86 = -175. Let h = 337 - d. What is the tens digit of h?
7
Let x(g) = 2*g**2 + 2. Let t be x(1). Suppose 0 = -2*n + n - t*r + 15, 0 = -4*n + 4*r + 40. Suppose 2401 = n*i - 536. What is the tens digit of i?
6
Let y(g) = -g - 2. Let c be y(-8). Suppose u = -0*q + 4*q - 3426, c = -3*u. What is the hundreds digit of q?
8
Let n be 67 + -2*(4 + -2). Suppose -n*j = -61*j. Suppose -k + 6*k - 200 = j. What is the units digit of k?
0
Suppose 0*n - 3069 = -9*n. Suppose 4*l - 345 = 3*l + x, 5*x + n = l. What is the units digit of l?
6
Suppose 3528 = 7*x - 5*x. Suppose x = l - 0*o + 2*o, -5*o = 4*l - 7071. Suppose -15*i = -461 - l. What is the units digit of i?
9
What is the ten thousands digit of (18 + (-48282)/195)/((-2)/435)?
4
Let t(p) = p**3 + 14*p**2 - 15*p - 35. Let o be t(-15). What is the hundreds digit of 6946/10 - ((-196)/o - 6)?
6
Suppose 5*g - 1096 = 829. Let c(t) = -t**3 - 2*t**2 + 3*t + 2. Let j be c(-3). Suppose 7*n = j*n + g. What is the units digit of n?
7
Suppose -4*v + 2*p - 56 = 30, 2*p = -4*v - 74. Let h be v/(-70) + (-38)/(-14). Suppose -h*m + 108 - 9 = 0. What is the units digit of m?
3
Suppose -11*a = -80*a + 339516 + 120369. What is the hundreds digit of a?
6
Let x(n) = 18*n**2 + 0 - 2 - 4 + 2*n - 5*n + 3*n**2. What is the tens digit of x(6)?
3
Suppose 3*m = 29 - 5. What is the tens digit of 1/((m - 3)/1775)?
5
Let y be -42*(-3)/12*(-80)/(-6). Let a = y + 276. Suppose -11*c - 2*c = -a. What is the units digit of c?
2
Suppose -62*r + 16 = -58*r. What is the tens digit of r/34 + 166/34 + 1866?
7
Let o(a) = -285*a - 9. Let f be o(-3). Suppose 15*s - 1059 - f = 0. What is the tens digit of s?
2
Suppose -n + 3 = -4. Let a be (-3)/n + 200/(-56). What is the units digit of (-16 + 13)/(6/a)?
2
Suppose 0 = 5*y - 2*f - 10, -3*y - 3*f - 15 = -y. Suppose y = 4*k + k. Suppose 0 = 3*v + 4*n - 25, -2*v - 3*v + n + 57 = k. What is the units digit of v?
1
Let t = -319 + 932. What is the tens digit of t?
1
Let r(o) = 424*o - 44. Let j(s) = -211*s + 22. Let c(i) = -5*j(i) - 3*r(i). What is the units digit of c(-1)?
9
Suppose 0 = 5*z + 8*m - 37163, -2*m = 11 - 3. What is the units digit of z?
9
Let k = -48 - -54. Suppose i = 4*i - k. Suppose i*w + 5 = 147. What is the units digit of w?
1
Suppose 0 = 3*j - 5*c - 24321, 8109 = -80*j + 81*j - 2*c. What is the tens digit of j?
9
Let h be (1271 - -10) + (-15)/(-3) + -1. Let v = h - 325. What is the units digit of v?
0
Let q(s) = 11*s - 113. Let g be q(10). What is the tens digit of (-1)/g*10/(60/8766)?
8
Suppose -7*q = -21 - 42. Let z be (-20 + 3)/(3/q). What is the units digit of (